{"id":392,"date":"2021-05-10T14:42:44","date_gmt":"2021-05-10T14:42:44","guid":{"rendered":"http:\/\/priory.com.br\/drlucas\/?page_id=392"},"modified":"2021-06-16T19:10:50","modified_gmt":"2021-06-16T19:10:50","slug":"a-clinica","status":"publish","type":"page","link":"http:\/\/priory.com.br\/drlucas\/a-clinica\/","title":{"rendered":"A Cl\u00ednica"},"content":{"rendered":"\t\t<div data-elementor-type=\"wp-page\" data-elementor-id=\"392\" class=\"elementor elementor-392\" data-elementor-post-type=\"page\">\n\t\t\t\t\t\t<section class=\"elementor-section elementor-top-section elementor-element elementor-element-02fc2da elementor-section-boxed elementor-section-height-default elementor-section-height-default\" data-id=\"02fc2da\" data-element_type=\"section\" data-e-type=\"section\" data-settings=\"{&quot;background_background&quot;:&quot;classic&quot;}\">\n\t\t\t\t\t\t<div class=\"elementor-container elementor-column-gap-default\">\n\t\t\t\t\t<div class=\"elementor-column elementor-col-100 elementor-top-column elementor-element elementor-element-bb79f77\" data-id=\"bb79f77\" data-element_type=\"column\" data-e-type=\"column\">\n\t\t\t<div class=\"elementor-widget-wrap elementor-element-populated\">\n\t\t\t\t\t\t<div class=\"elementor-element elementor-element-8f0e026 elementor-widget elementor-widget-heading\" data-id=\"8f0e026\" data-element_type=\"widget\" data-e-type=\"widget\" data-widget_type=\"heading.default\">\n\t\t\t\t<div class=\"elementor-widget-container\">\n\t\t\t\t\t<h2 class=\"elementor-heading-title elementor-size-default\">A CL\u00cdNICA<\/h2>\t\t\t\t<\/div>\n\t\t\t\t<\/div>\n\t\t\t\t<div class=\"elementor-element elementor-element-f2caa9f elementor-widget-divider--view-line elementor-widget elementor-widget-divider\" data-id=\"f2caa9f\" data-element_type=\"widget\" data-e-type=\"widget\" data-widget_type=\"divider.default\">\n\t\t\t\t<div class=\"elementor-widget-container\">\n\t\t\t\t\t\t\t<div class=\"elementor-divider\">\n\t\t\t<span class=\"elementor-divider-separator\">\n\t\t\t\t\t\t<\/span>\n\t\t<\/div>\n\t\t\t\t\t\t<\/div>\n\t\t\t\t<\/div>\n\t\t\t\t<div class=\"elementor-element elementor-element-cb47876 elementor-widget elementor-widget-text-editor\" data-id=\"cb47876\" data-element_type=\"widget\" data-e-type=\"widget\" data-widget_type=\"text-editor.default\">\n\t\t\t\t<div class=\"elementor-widget-container\">\n\t\t\t\t\t\t\t\t\t<p>A Cl\u00ednica Dr. Lucas Favero, com sede em Chapec\u00f3\/SC, \u00e9 um espa\u00e7o exclusivo para a realiza\u00e7\u00e3o de procedimentos est\u00e9ticos faciais e corporais personalizados. Fundada em 2021, a Cl\u00ednica Dr. Lucas Favero foi consolidada em bases que prezam pela naturalidade, bem-estar, rejuvenescimento, autoestima e beleza.<\/p><p><strong>Na cl\u00ednica, voc\u00ea encontrar\u00e1 um ambiente elegante e aconchegante, com salas equipadas para atendimentos individuais, garantindo conforto e discri\u00e7\u00e3o.<\/strong><\/p>\t\t\t\t\t\t\t\t<\/div>\n\t\t\t\t<\/div>\n\t\t\t\t<div class=\"elementor-element elementor-element-da72504 elementor-widget elementor-widget-gallery\" data-id=\"da72504\" data-element_type=\"widget\" data-e-type=\"widget\" data-settings=\"{&quot;columns&quot;:2,&quot;lazyload&quot;:&quot;yes&quot;,&quot;gallery_layout&quot;:&quot;grid&quot;,&quot;columns_tablet&quot;:2,&quot;columns_mobile&quot;:1,&quot;gap&quot;:{&quot;unit&quot;:&quot;px&quot;,&quot;size&quot;:10,&quot;sizes&quot;:[]},&quot;gap_tablet&quot;:{&quot;unit&quot;:&quot;px&quot;,&quot;size&quot;:10,&quot;sizes&quot;:[]},&quot;gap_mobile&quot;:{&quot;unit&quot;:&quot;px&quot;,&quot;size&quot;:10,&quot;sizes&quot;:[]},&quot;link_to&quot;:&quot;file&quot;,&quot;aspect_ratio&quot;:&quot;3:2&quot;,&quot;overlay_background&quot;:&quot;yes&quot;,&quot;content_hover_animation&quot;:&quot;fade-in&quot;}\" data-widget_type=\"gallery.default\">\n\t\t\t\t<div class=\"elementor-widget-container\">\n\t\t\t\t\t\t\t<div class=\"elementor-gallery__container\">\n\t\t\t\t\t\t\t<a class=\"e-gallery-item elementor-gallery-item elementor-animated-content\" href=\"http:\/\/priory.com.br\/drlucas\/wp-content\/uploads\/2021\/06\/drlucasfavero-720.jpg\" data-elementor-open-lightbox=\"yes\" data-elementor-lightbox-slideshow=\"da72504\" data-elementor-lightbox-title=\"drlucasfavero-720\" data-e-action-hash=\"#elementor-action%3Aaction%3Dlightbox%26settings%3DeyJpZCI6OTMxLCJ1cmwiOiJodHRwOlwvXC9wcmlvcnkuY29tLmJyXC9kcmx1Y2FzXC93cC1jb250ZW50XC91cGxvYWRzXC8yMDIxXC8wNlwvZHJsdWNhc2ZhdmVyby03MjAuanBnIiwic2xpZGVzaG93IjoiZGE3MjUwNCJ9\">\n\t\t\t\t\t<div class=\"e-gallery-image elementor-gallery-item__image\" data-thumbnail=\"http:\/\/priory.com.br\/drlucas\/wp-content\/uploads\/2021\/06\/drlucasfavero-720.jpg\" data-width=\"580\" data-height=\"386\" aria-label=\"\" role=\"img\" ><\/div>\n\t\t\t\t\t\t\t\t\t\t\t<div class=\"elementor-gallery-item__overlay\"><\/div>\n\t\t\t\t\t\t\t\t\t\t\t\t\t\t<\/a>\n\t\t\t\t\t\t\t<a class=\"e-gallery-item elementor-gallery-item elementor-animated-content\" href=\"http:\/\/priory.com.br\/drlucas\/wp-content\/uploads\/2021\/06\/drlucasfavero-707.jpg\" data-elementor-open-lightbox=\"yes\" data-elementor-lightbox-slideshow=\"da72504\" data-elementor-lightbox-title=\"drlucasfavero-707\" data-e-action-hash=\"#elementor-action%3Aaction%3Dlightbox%26settings%3DeyJpZCI6OTMyLCJ1cmwiOiJodHRwOlwvXC9wcmlvcnkuY29tLmJyXC9kcmx1Y2FzXC93cC1jb250ZW50XC91cGxvYWRzXC8yMDIxXC8wNlwvZHJsdWNhc2ZhdmVyby03MDcuanBnIiwic2xpZGVzaG93IjoiZGE3MjUwNCJ9\">\n\t\t\t\t\t<div class=\"e-gallery-image elementor-gallery-item__image\" data-thumbnail=\"http:\/\/priory.com.br\/drlucas\/wp-content\/uploads\/2021\/06\/drlucasfavero-707.jpg\" data-width=\"580\" data-height=\"386\" aria-label=\"\" role=\"img\" ><\/div>\n\t\t\t\t\t\t\t\t\t\t\t<div class=\"elementor-gallery-item__overlay\"><\/div>\n\t\t\t\t\t\t\t\t\t\t\t\t\t\t<\/a>\n\t\t\t\t\t\t\t<a class=\"e-gallery-item elementor-gallery-item elementor-animated-content\" href=\"http:\/\/priory.com.br\/drlucas\/wp-content\/uploads\/2021\/06\/drlucasfavero-695.jpg\" data-elementor-open-lightbox=\"yes\" data-elementor-lightbox-slideshow=\"da72504\" data-elementor-lightbox-title=\"drlucasfavero-695\" data-e-action-hash=\"#elementor-action%3Aaction%3Dlightbox%26settings%3DeyJpZCI6OTMzLCJ1cmwiOiJodHRwOlwvXC9wcmlvcnkuY29tLmJyXC9kcmx1Y2FzXC93cC1jb250ZW50XC91cGxvYWRzXC8yMDIxXC8wNlwvZHJsdWNhc2ZhdmVyby02OTUuanBnIiwic2xpZGVzaG93IjoiZGE3MjUwNCJ9\">\n\t\t\t\t\t<div class=\"e-gallery-image elementor-gallery-item__image\" data-thumbnail=\"http:\/\/priory.com.br\/drlucas\/wp-content\/uploads\/2021\/06\/drlucasfavero-695.jpg\" data-width=\"580\" data-height=\"386\" aria-label=\"\" role=\"img\" ><\/div>\n\t\t\t\t\t\t\t\t\t\t\t<div class=\"elementor-gallery-item__overlay\"><\/div>\n\t\t\t\t\t\t\t\t\t\t\t\t\t\t<\/a>\n\t\t\t\t\t\t\t<a class=\"e-gallery-item elementor-gallery-item elementor-animated-content\" href=\"http:\/\/priory.com.br\/drlucas\/wp-content\/uploads\/2021\/06\/drlucasfavero-681.jpg\" data-elementor-open-lightbox=\"yes\" data-elementor-lightbox-slideshow=\"da72504\" data-elementor-lightbox-title=\"drlucasfavero-681\" data-e-action-hash=\"#elementor-action%3Aaction%3Dlightbox%26settings%3DeyJpZCI6OTM0LCJ1cmwiOiJodHRwOlwvXC9wcmlvcnkuY29tLmJyXC9kcmx1Y2FzXC93cC1jb250ZW50XC91cGxvYWRzXC8yMDIxXC8wNlwvZHJsdWNhc2ZhdmVyby02ODEuanBnIiwic2xpZGVzaG93IjoiZGE3MjUwNCJ9\">\n\t\t\t\t\t<div class=\"e-gallery-image elementor-gallery-item__image\" data-thumbnail=\"http:\/\/priory.com.br\/drlucas\/wp-content\/uploads\/2021\/06\/drlucasfavero-681.jpg\" data-width=\"511\" data-height=\"768\" aria-label=\"\" role=\"img\" ><\/div>\n\t\t\t\t\t\t\t\t\t\t\t<div class=\"elementor-gallery-item__overlay\"><\/div>\n\t\t\t\t\t\t\t\t\t\t\t\t\t\t<\/a>\n\t\t\t\t\t<\/div>\n\t\t\t\t\t<\/div>\n\t\t\t\t<\/div>\n\t\t\t\t\t<\/div>\n\t\t<\/div>\n\t\t\t\t\t<\/div>\n\t\t<\/section>\n\t\t\t\t<section class=\"elementor-section elementor-top-section elementor-element elementor-element-a82d2c8 elementor-section-boxed elementor-section-height-default elementor-section-height-default\" data-id=\"a82d2c8\" data-element_type=\"section\" data-e-type=\"section\">\n\t\t\t\t\t\t<div class=\"elementor-container elementor-column-gap-default\">\n\t\t\t\t\t<div class=\"elementor-column elementor-col-100 elementor-top-column elementor-element elementor-element-e72e020\" data-id=\"e72e020\" data-element_type=\"column\" data-e-type=\"column\">\n\t\t\t<div class=\"elementor-widget-wrap elementor-element-populated\">\n\t\t\t\t\t\t<div class=\"elementor-element elementor-element-ab25d20 elementor-widget elementor-widget-video\" data-id=\"ab25d20\" data-element_type=\"widget\" data-e-type=\"widget\" data-settings=\"{&quot;youtube_url&quot;:&quot;https:\\\/\\\/www.youtube.com\\\/watch?v=PjyqUfCmoOA&quot;,&quot;lazy_load&quot;:&quot;yes&quot;,&quot;video_type&quot;:&quot;youtube&quot;,&quot;controls&quot;:&quot;yes&quot;}\" data-widget_type=\"video.default\">\n\t\t\t\t<div class=\"elementor-widget-container\">\n\t\t\t\t\t\t\t<div class=\"elementor-wrapper elementor-open-inline\">\n\t\t\t<div class=\"elementor-video\"><\/div>\t\t<\/div>\n\t\t\t\t\t\t<\/div>\n\t\t\t\t<\/div>\n\t\t\t\t\t<\/div>\n\t\t<\/div>\n\t\t\t\t\t<\/div>\n\t\t<\/section>\n\t\t\t\t<section class=\"elementor-section elementor-top-section elementor-element elementor-element-a93abf0 elementor-section-boxed elementor-section-height-default elementor-section-height-default\" data-id=\"a93abf0\" data-element_type=\"section\" data-e-type=\"section\">\n\t\t\t\t\t\t<div class=\"elementor-container elementor-column-gap-default\">\n\t\t\t\t\t<div class=\"elementor-column elementor-col-33 elementor-top-column elementor-element elementor-element-24933fa\" data-id=\"24933fa\" data-element_type=\"column\" data-e-type=\"column\">\n\t\t\t<div class=\"elementor-widget-wrap elementor-element-populated\">\n\t\t\t\t\t\t<div class=\"elementor-element elementor-element-b8ac40a elementor-widget elementor-widget-heading\" data-id=\"b8ac40a\" data-element_type=\"widget\" data-e-type=\"widget\" data-widget_type=\"heading.default\">\n\t\t\t\t<div class=\"elementor-widget-container\">\n\t\t\t\t\t<h2 class=\"elementor-heading-title elementor-size-default\">Miss\u00e3o:<\/h2>\t\t\t\t<\/div>\n\t\t\t\t<\/div>\n\t\t\t\t<div class=\"elementor-element elementor-element-f8ef755 elementor-widget elementor-widget-text-editor\" data-id=\"f8ef755\" data-element_type=\"widget\" data-e-type=\"widget\" data-widget_type=\"text-editor.default\">\n\t\t\t\t<div class=\"elementor-widget-container\">\n\t\t\t\t\t\t\t\t\t<p>Entender as tens\u00f5es de nossos clientes relacionadas a est\u00e9tica facial e transform\u00e1-las em experi\u00eancia memor\u00e1vel atrav\u00e9s da melhora da autoestima e rejuvenescimento, contribuindo para uma rela\u00e7\u00e3o duradoura proporcionando autoconfian\u00e7a, felicidade e bem-estar.<\/p>\t\t\t\t\t\t\t\t<\/div>\n\t\t\t\t<\/div>\n\t\t\t\t\t<\/div>\n\t\t<\/div>\n\t\t\t\t<div class=\"elementor-column elementor-col-33 elementor-top-column elementor-element elementor-element-284222f\" data-id=\"284222f\" data-element_type=\"column\" data-e-type=\"column\">\n\t\t\t<div class=\"elementor-widget-wrap elementor-element-populated\">\n\t\t\t\t\t\t<div class=\"elementor-element elementor-element-c5a53ac elementor-widget elementor-widget-heading\" data-id=\"c5a53ac\" data-element_type=\"widget\" data-e-type=\"widget\" data-widget_type=\"heading.default\">\n\t\t\t\t<div class=\"elementor-widget-container\">\n\t\t\t\t\t<h2 class=\"elementor-heading-title elementor-size-default\">Vis\u00e3o:<\/h2>\t\t\t\t<\/div>\n\t\t\t\t<\/div>\n\t\t\t\t<div class=\"elementor-element elementor-element-def4598 elementor-widget elementor-widget-text-editor\" data-id=\"def4598\" data-element_type=\"widget\" data-e-type=\"widget\" data-widget_type=\"text-editor.default\">\n\t\t\t\t<div class=\"elementor-widget-container\">\n\t\t\t\t\t\t\t\t\t<p>Ser refer\u00eancia em est\u00e9tica facial, criar conex\u00f5es com pessoas que se cuidam e consideram que a constru\u00e7\u00e3o de um mundo melhor se d\u00e1 atrav\u00e9s da melhor rela\u00e7\u00e3o com si mesma e com o outro.<\/p>\t\t\t\t\t\t\t\t<\/div>\n\t\t\t\t<\/div>\n\t\t\t\t\t<\/div>\n\t\t<\/div>\n\t\t\t\t<div class=\"elementor-column elementor-col-33 elementor-top-column elementor-element elementor-element-c3e8679\" data-id=\"c3e8679\" data-element_type=\"column\" data-e-type=\"column\">\n\t\t\t<div class=\"elementor-widget-wrap elementor-element-populated\">\n\t\t\t\t\t\t<div class=\"elementor-element elementor-element-51c07ac elementor-widget elementor-widget-heading\" data-id=\"51c07ac\" data-element_type=\"widget\" data-e-type=\"widget\" data-widget_type=\"heading.default\">\n\t\t\t\t<div class=\"elementor-widget-container\">\n\t\t\t\t\t<h2 class=\"elementor-heading-title elementor-size-default\">Valores:<\/h2>\t\t\t\t<\/div>\n\t\t\t\t<\/div>\n\t\t\t\t<div class=\"elementor-element elementor-element-3ff66ef elementor-widget elementor-widget-text-editor\" data-id=\"3ff66ef\" data-element_type=\"widget\" data-e-type=\"widget\" data-widget_type=\"text-editor.default\">\n\t\t\t\t<div class=\"elementor-widget-container\">\n\t\t\t\t\t\t\t\t\t<p>Integridade, confian\u00e7a, transpar\u00eancia, leveza, excel\u00eancia, inclus\u00e3o e responsabilidade social.<\/p>\t\t\t\t\t\t\t\t<\/div>\n\t\t\t\t<\/div>\n\t\t\t\t\t<\/div>\n\t\t<\/div>\n\t\t\t\t\t<\/div>\n\t\t<\/section>\n\t\t\t\t<\/div>\n\t\t","protected":false},"excerpt":{"rendered":"<p>A CL\u00cdNICA A Cl\u00ednica Dr. Lucas Favero, com sede em Chapec\u00f3\/SC, \u00e9 um espa\u00e7o exclusivo para a realiza\u00e7\u00e3o de procedimentos est\u00e9ticos faciais e corporais personalizados. Fundada em 2021, a Cl\u00ednica Dr. Lucas Favero foi consolidada em bases que prezam pela naturalidade, bem-estar, rejuvenescimento, autoestima e beleza. Na cl\u00ednica, voc\u00ea encontrar\u00e1 um ambiente elegante e aconchegante, [&hellip;]<\/p>\n","protected":false},"author":1,"featured_media":0,"parent":0,"menu_order":0,"comment_status":"closed","ping_status":"closed","template":"elementor_header_footer","meta":{"footnotes":""},"class_list":["post-392","page","type-page","status-publish","hentry"],"yoast_head":"<!-- This site is optimized with the Yoast SEO plugin v27.3 - https:\/\/yoast.com\/product\/yoast-seo-wordpress\/ -->\n<title>A Cl\u00ednica - Dr Lucas Favero<\/title>\n<meta name=\"robots\" content=\"index, follow, max-snippet:-1, max-image-preview:large, max-video-preview:-1\" \/>\n<link rel=\"canonical\" href=\"http:\/\/priory.com.br\/drlucas\/a-clinica\/\" \/>\n<meta property=\"og:locale\" content=\"pt_BR\" \/>\n<meta property=\"og:type\" content=\"article\" \/>\n<meta property=\"og:title\" content=\"A Cl\u00ednica - Dr Lucas Favero\" \/>\n<meta property=\"og:description\" content=\"A CL\u00cdNICA A Cl\u00ednica Dr. Lucas Favero, com sede em Chapec\u00f3\/SC, \u00e9 um espa\u00e7o exclusivo para a realiza\u00e7\u00e3o de procedimentos est\u00e9ticos faciais e corporais personalizados. Fundada em 2021, a Cl\u00ednica Dr. Lucas Favero foi consolidada em bases que prezam pela naturalidade, bem-estar, rejuvenescimento, autoestima e beleza. Na cl\u00ednica, voc\u00ea encontrar\u00e1 um ambiente elegante e aconchegante, [&hellip;]\" \/>\n<meta property=\"og:url\" content=\"http:\/\/priory.com.br\/drlucas\/a-clinica\/\" \/>\n<meta property=\"og:site_name\" content=\"Dr Lucas Favero\" \/>\n<meta property=\"article:modified_time\" content=\"2021-06-16T19:10:50+00:00\" \/>\n<meta name=\"twitter:card\" content=\"summary_large_image\" \/>\n<meta name=\"twitter:label1\" content=\"Est. tempo de leitura\" \/>\n\t<meta name=\"twitter:data1\" content=\"1 minuto\" \/>\n<script type=\"application\/ld+json\" class=\"yoast-schema-graph\">{\"@context\":\"https:\\\/\\\/schema.org\",\"@graph\":[{\"@type\":\"WebPage\",\"@id\":\"http:\\\/\\\/priory.com.br\\\/drlucas\\\/a-clinica\\\/\",\"url\":\"http:\\\/\\\/priory.com.br\\\/drlucas\\\/a-clinica\\\/\",\"name\":\"A Cl\u00ednica - Dr Lucas Favero\",\"isPartOf\":{\"@id\":\"https:\\\/\\\/priory.com.br\\\/drlucas\\\/#website\"},\"datePublished\":\"2021-05-10T14:42:44+00:00\",\"dateModified\":\"2021-06-16T19:10:50+00:00\",\"breadcrumb\":{\"@id\":\"http:\\\/\\\/priory.com.br\\\/drlucas\\\/a-clinica\\\/#breadcrumb\"},\"inLanguage\":\"pt-BR\",\"potentialAction\":[{\"@type\":\"ReadAction\",\"target\":[\"http:\\\/\\\/priory.com.br\\\/drlucas\\\/a-clinica\\\/\"]}]},{\"@type\":\"BreadcrumbList\",\"@id\":\"http:\\\/\\\/priory.com.br\\\/drlucas\\\/a-clinica\\\/#breadcrumb\",\"itemListElement\":[{\"@type\":\"ListItem\",\"position\":1,\"name\":\"In\u00edcio\",\"item\":\"https:\\\/\\\/priory.com.br\\\/drlucas\\\/\"},{\"@type\":\"ListItem\",\"position\":2,\"name\":\"A Cl\u00ednica\"}]},{\"@type\":\"WebSite\",\"@id\":\"https:\\\/\\\/priory.com.br\\\/drlucas\\\/#website\",\"url\":\"https:\\\/\\\/priory.com.br\\\/drlucas\\\/\",\"name\":\"Dr Lucas Favero\",\"description\":\"Est\u00e9tica Facial\",\"potentialAction\":[{\"@type\":\"SearchAction\",\"target\":{\"@type\":\"EntryPoint\",\"urlTemplate\":\"https:\\\/\\\/priory.com.br\\\/drlucas\\\/?s={search_term_string}\"},\"query-input\":{\"@type\":\"PropertyValueSpecification\",\"valueRequired\":true,\"valueName\":\"search_term_string\"}}],\"inLanguage\":\"pt-BR\"}]}<\/script>\n<!-- \/ Yoast SEO plugin. -->","yoast_head_json":{"title":"A Cl\u00ednica - Dr Lucas Favero","robots":{"index":"index","follow":"follow","max-snippet":"max-snippet:-1","max-image-preview":"max-image-preview:large","max-video-preview":"max-video-preview:-1"},"canonical":"http:\/\/priory.com.br\/drlucas\/a-clinica\/","og_locale":"pt_BR","og_type":"article","og_title":"A Cl\u00ednica - Dr Lucas Favero","og_description":"A CL\u00cdNICA A Cl\u00ednica Dr. Lucas Favero, com sede em Chapec\u00f3\/SC, \u00e9 um espa\u00e7o exclusivo para a realiza\u00e7\u00e3o de procedimentos est\u00e9ticos faciais e corporais personalizados. Fundada em 2021, a Cl\u00ednica Dr. Lucas Favero foi consolidada em bases que prezam pela naturalidade, bem-estar, rejuvenescimento, autoestima e beleza. Na cl\u00ednica, voc\u00ea encontrar\u00e1 um ambiente elegante e aconchegante, [&hellip;]","og_url":"http:\/\/priory.com.br\/drlucas\/a-clinica\/","og_site_name":"Dr Lucas Favero","article_modified_time":"2021-06-16T19:10:50+00:00","twitter_card":"summary_large_image","twitter_misc":{"Est. tempo de leitura":"1 minuto"},"schema":{"@context":"https:\/\/schema.org","@graph":[{"@type":"WebPage","@id":"http:\/\/priory.com.br\/drlucas\/a-clinica\/","url":"http:\/\/priory.com.br\/drlucas\/a-clinica\/","name":"A Cl\u00ednica - Dr Lucas Favero","isPartOf":{"@id":"https:\/\/priory.com.br\/drlucas\/#website"},"datePublished":"2021-05-10T14:42:44+00:00","dateModified":"2021-06-16T19:10:50+00:00","breadcrumb":{"@id":"http:\/\/priory.com.br\/drlucas\/a-clinica\/#breadcrumb"},"inLanguage":"pt-BR","potentialAction":[{"@type":"ReadAction","target":["http:\/\/priory.com.br\/drlucas\/a-clinica\/"]}]},{"@type":"BreadcrumbList","@id":"http:\/\/priory.com.br\/drlucas\/a-clinica\/#breadcrumb","itemListElement":[{"@type":"ListItem","position":1,"name":"In\u00edcio","item":"https:\/\/priory.com.br\/drlucas\/"},{"@type":"ListItem","position":2,"name":"A Cl\u00ednica"}]},{"@type":"WebSite","@id":"https:\/\/priory.com.br\/drlucas\/#website","url":"https:\/\/priory.com.br\/drlucas\/","name":"Dr Lucas Favero","description":"Est\u00e9tica Facial","potentialAction":[{"@type":"SearchAction","target":{"@type":"EntryPoint","urlTemplate":"https:\/\/priory.com.br\/drlucas\/?s={search_term_string}"},"query-input":{"@type":"PropertyValueSpecification","valueRequired":true,"valueName":"search_term_string"}}],"inLanguage":"pt-BR"}]}},"_links":{"self":[{"href":"http:\/\/priory.com.br\/drlucas\/wp-json\/wp\/v2\/pages\/392","targetHints":{"allow":["GET"]}}],"collection":[{"href":"http:\/\/priory.com.br\/drlucas\/wp-json\/wp\/v2\/pages"}],"about":[{"href":"http:\/\/priory.com.br\/drlucas\/wp-json\/wp\/v2\/types\/page"}],"author":[{"embeddable":true,"href":"http:\/\/priory.com.br\/drlucas\/wp-json\/wp\/v2\/users\/1"}],"replies":[{"embeddable":true,"href":"http:\/\/priory.com.br\/drlucas\/wp-json\/wp\/v2\/comments?post=392"}],"version-history":[{"count":38,"href":"http:\/\/priory.com.br\/drlucas\/wp-json\/wp\/v2\/pages\/392\/revisions"}],"predecessor-version":[{"id":975,"href":"http:\/\/priory.com.br\/drlucas\/wp-json\/wp\/v2\/pages\/392\/revisions\/975"}],"wp:attachment":[{"href":"http:\/\/priory.com.br\/drlucas\/wp-json\/wp\/v2\/media?parent=392"}],"curies":[{"name":"wp","href":"https:\/\/api.w.org\/{rel}","templated":true}]}}